b - 5*g, -7*b + 2*b - 2*g + 132 = 0. Let k = 10 + -2. List the prime factors of (-6)/k - (-217)/b.
7
Suppose 0 = 2*b + 4 + 2, 4*v + 5*b = 313. What are the prime factors of v?
2, 41
Let l = 33 + -28. List the prime factors of l.
5
Let d = 0 - 9. Let o = -7 - d. What are the prime factors of o?
2
Let p be (-18)/(-15) + 4/(-20). What are the prime factors of (22/2 - 0)/p?
11
Let h(n) = -n**2 - 8*n - 2. What are the prime factors of h(-5)?
13
Let f = -102 - -238. Suppose -3*m + m + f = -4*p, 3*p + 135 = 2*m. Suppose 7*c = -5*a + 2*c + 105, 3*a = -4*c + m. What are the prime factors of a?
2, 3
Suppose -t - 20 = -3*k, -6 + 1 = t + 2*k. Let u = t - -17. What are the prime factors of u?
2, 3
Let s(g) = 12*g - 24. What are the prime factors of s(8)?
2, 3
Let l = -3 - 14. Let a = l - -49. Suppose j + 4*d - a = 0, -4*j + 2*d + 8 + 30 = 0. List the prime factors of j.
2, 3
Let l = 50 - -14. What are the prime factors of l?
2
Let l = 110 + -63. What are the prime factors of l?
47
Let r be 3/(-15) + 51/5. Suppose -5*t + 2*u + 2 = -r, -5 = -5*t - 5*u. Suppose t*s + s - 12 = 0. What are the prime factors of s?
2
Let d(s) = -6*s**3 - 2*s**2 - s - 1. What are the prime factors of d(-2)?
41
Suppose 2*n = -4 - 4, -152 = -4*x - 5*n. What are the prime factors of x?
43
Let f(p) = 4*p + 8. List the prime factors of f(5).
2, 7
Suppose 5*d - 4 = -3*k + 3*d, -8 = -2*k + 4*d. Suppose 0 = k*y + 3*y - m - 22, 5*y = -2*m + 16. List the prime factors of y.
2
Let n = 1 + 1. Suppose n*b + b - 69 = 0. What are the prime factors of b?
23
Suppose 0*q = -3*q + 2*j + 145, 2*q - 75 = -3*j. List the prime factors of q.
3, 5
Let z(j) = -j**3 - 6*j**2 + 7*j + 8. Let f be z(-7). Let i be -3 + (-2 + -29)*-3. What are the prime factors of i/f - (-18)/24?
2, 3
Suppose 0 = 4*z - 3*k - 156, 3*k - 64 = -2*z - 4. What are the prime factors of z?
2, 3
Let u(o) = -o**3 - 11*o**2 - 9*o + 10. Let n be u(-10). Suppose 5*g + n*g = -30. Let p = 7 - g. List the prime factors of p.
13
Suppose -2*p - 4*f = p - 420, p + 2*f - 140 = 0. List the prime factors of p.
2, 5, 7
Let m be -1 + 2 - 1/(-1). Let q be (m/(-2))/((-4)/24). Suppose -39 = -5*j + q. What are the prime factors of j?
3
Suppose -3*p = -15, 3*p = -5*s + 2*p + 10. Let b(v) = v. Let h be b(6). Suppose -h = -r - s. List the prime factors of r.
5
Suppose 235 = 5*y + 3*v + 66, 2*y = v + 61. What are the prime factors of y?
2
Let h = 644 + -436. List the prime factors of h.
2, 13
Let g(a) = -a**3 + 7*a**2 - 5*a - 11. What are the prime factors of g(5)?
2, 7
Let d = -46 + 77. Suppose 103 = 3*w + u, u + d = w + 3*u. List the prime factors of w.
5, 7
Suppose 5*x - 10 = 5*c - 4*c, -4*x = -12. What are the prime factors of 4/(-10) + 47/c?
3
Suppose 5 + 0 = -5*c, -4*m = -2*c - 142. Let z be (m*1)/(5/5). Suppose 4*t = -t + z. What are the prime factors of t?
7
Let k(u) = 6*u**2 + u + 2. Let p(t) = -6*t**2 - t - 3. Let g(m) = 4*k(m) + 3*p(m). What are the prime factors of g(1)?
2, 3
Suppose 580 = 4*p + z, -p - 3*z + 5*z + 154 = 0. List the prime factors of p.
2, 73
Let o be 1 + -3*(2 - 0). Let c = o - -3. What are the prime factors of c/(-7) - (-225)/21?
11
Suppose 0 = -4*q + 2*a + 176, 0 = -3*q + 6*q + 4*a - 154. What are the prime factors of q?
2, 23
Let j(k) = 2*k - 2. Let f be j(4). Suppose -40 = -f*x + 2*x. List the prime factors of x.
2, 5
Let o be (1 + 0)*24/2. What are the prime factors of (1/(-3))/((-1)/o)?
2
Let z = 72 - 16. Suppose 3*n = -n + z. Let f = -5 + n. What are the prime factors of f?
3
Let v(l) = 11*l + 1 - 3 + 0*l**2 + 0*l**2 - l**2. Let s be v(5). Let u = -16 + s. What are the prime factors of u?
2, 3
Suppose -5*m - 4*u = 46, -m = 8*u - 4*u + 22. List the prime factors of 2/m + 120/9.
13
Let v(f) be the first derivative of f**3 - 3*f**2/2 - 4*f - 3. List the prime factors of v(3).
2, 7
Let u(w) = w**2 + 6*w + 5. Let v be u(-4). Let d be 0/(-4)*(-2 - v). Suppose -r + 15 = -d*r. What are the prime factors of r?
3, 5
Let j(o) = -3*o**3 - 3*o**2 + o + 2. Let q(m) = -10*m**3 - 8*m**2 + 4*m + 5. Let x(r) = -7*j(r) + 2*q(r). What are the prime factors of x(-4)?
2
Suppose -5*o - 3 = k, 3*o - 6 = -2*o + 2*k. Suppose -3*r + 6*r + 188 = 4*d, -3*d + 4*r + 148 = o. List the prime factors of d.
2, 11
Let p(y) = 5*y**2 - 5*y - 3. List the prime factors of p(5).
97
Let x be 40/6 - 8/12. Suppose -z + 21 = x. List the prime factors of z.
3, 5
Let m(p) = 3*p**2 - 2*p - 9. What are the prime factors of m(10)?
271
Let x(z) = 3*z + 17. List the prime factors of x(22).
83
Let c = 207 + -66. Suppose 4*t + s - 104 = 0, 5*t - 2*s - c = -6*s. List the prime factors of t.
5
Let b be 147/(-9) + (-2)/(-6). Let l = 24 + b. List the prime factors of l.
2
Let z be ((-15)/(-12))/(2/8). What are the prime factors of 2 - (z*-1 + 0)?
7
Suppose 0*c = -3*o - 4*c + 112, 5*o - 2*c - 178 = 0. What are the prime factors of o?
2, 3
Suppose -58 = -b + 25. What are the prime factors of b?
83
List the prime factors of 1 + -3 + (17 - 2).
13
List the prime factors of -1 - 4/8*-122.
2, 3, 5
Suppose -75*u = -71*u - 436. List the prime factors of u.
109
Let h be ((-36)/(-8))/((-3)/(-4)). What are the prime factors of 8/24 + 34/h?
2, 3
Suppose -3*l - 2*l = 5, -5*t + 209 = l. What are the prime factors of t?
2, 3, 7
Suppose -4*d = 3*v + 9, 3*d + 4*v = 7*d - 12. Let j(z) = z**2 - 3. Let i be j(3). Let l = i + d. What are the prime factors of l?
2, 3
Suppose -9 = x - 5. Let l = 2 - x. List the prime factors of l.
2, 3
Let k(q) = -q**2 - 11*q - 3. Let b be k(-11). List the prime factors of (4/(-6))/(b/18).
2
Let i = 9 + -5. Suppose 33 = i*t + l - 34, 0 = -2*t - l + 31. What are the prime factors of t?
2, 3
Let o = 78 - -12. List the prime factors of o.
2, 3, 5
Let n be 13/2 - (-1)/2. Suppose -4*y = 2*y + 12. Let g = n + y. List the prime factors of g.
5
Suppose 0 = k + 4*y - 5 - 0, -3*y = -3*k. Let b be (-2 + 3 + -1)/k. Suppose o = -b + 3. List the prime factors of o.
3
Suppose 2*f + 2*w + 9 = -3*f, 4*f - 2*w = 0. Let x be (-5)/2 - f/2. List the prime factors of 7 - x - (4 - 3).
2
Let q(j) = -j + 11. Let r be q(9). Suppose 3*v = -r*v - 20. Let i(x) = 2*x**2 + 4*x + 2. What are the prime factors of i(v)?
2, 3
Let i(j) = -j**3 + 8*j**2 - 7*j - 9. Let u be i(6). What are the prime factors of 2/(u/9 + -2)?
2, 3
Suppose 0 = -3*u - 4*y + 26, y - 2*y + 8 = u. List the prime factors of u.
2, 3
List the prime factors of (-3)/((-9)/404) - 6/(-18).
3, 5
Suppose 3*j - 711 = -3*x, 5*j - x - 627 = 552. What are the prime factors of j?
2, 59
Suppose -2*i + 2*a + 3*a = 10, 2*i = -4*a + 8. What are the prime factors of ((-6)/4 + i)*-18?
3
Suppose -5*l + 4 - 24 = 0. Let h be (-1)/1 + (l - -2). What are the prime factors of h + (0 + 11 - 3)?
5
Suppose 3*y + 5 + 4 = 0. Let b = 19 + -18. Let c = b - y. What are the prime factors of c?
2
Suppose -z - 72 = -3*z. What are the prime factors of z?
2, 3
Suppose -5 = -2*w + 13. Let v = 25 - 0. Suppose 0 = g + 2*g + 5*j - v, -2*j = g - w. List the prime factors of g.
5
Let a = 12 + -2. What are the prime factors of a?
2, 5
Suppose -15 = -t + 3*c, -t = -2*t - 2*c - 10. Let i = 6 + t. List the prime factors of i.
2, 3
Let z(q) = 2*q + 9. What are the prime factors of z(0)?
3
Let z = 298 - 187. What are the prime factors of z?
3, 37
Suppose 2*k + 5*a = 33, -4*k + 2*a = -k - 59. List the prime factors of k.
19
Let n = 16 + -11. Let t = 7 - n. What are the prime factors of t?
2
Let o(v) = 2*v - 5. List the prime factors of o(7).
3
Let p(v) = -2*v**3 - 2*v**2 + 2*v. What are the prime factors of p(-2)?
2
Let h = -2 - -9. Let a(p) = -3*p**3 + 4. Let c(l) = -6*l**3 + 7. Let v(r) = h*a(r) - 4*c(r). List the prime factors of v(1).
3
Let u(y) = -y**2 + 5*y - 4. Let o be u(3). Suppose 2*h - 8 + o = 0. Let w = h - -4. What are the prime factors of w?
7
Suppose -3*j = -2*j - 6. Let t be 4 + 2/(j/(-3)). Suppose -14 = -t*d + 10. List the prime factors of d.
2
Let u(k) = k**3 - 5*k**2 + 5*k + 1. Let s be u(4). Suppose 0*c + s = 5*c. List the prime factors of c*11 - 0/4.
11
What are the prime factors of 12*(46/8 + 4)?
3, 13
Let j be 6/(3 + -1 - 1). Suppose -j*l - 3*g + 70 = -l, 0 = 3*l + g - 46. List the prime factors of l.
17
Suppose -4*r + 45 + 19 = 0. Suppose 2*n + 2*j + r = -2*j, 3*n - 2*j = 0. Let d(m) = -m**3 + 2*m + 3. What are the prime factors of d(n)?
7
Let v be (-6 - 